units digit of t?
6
What is the tens digit of 4683 + (-7 - 75/(-10))*-12?
7
Let v(a) = 1082*a**3 + 94*a**2 - 364*a - 6. What is the units digit of v(4)?
0
Let d = -508 - -484. What is the hundreds digit of -54*4/(d/63)?
5
Let k be 3*3/18*0. Suppose 24*m - 9912 = -k*m. What is the tens digit of m?
1
Let a(z) = -z**2 + 22*z - 12. Let l be a(15). Let c = 159 - l. Let y = 91 - c. What is the units digit of y?
5
Let u = 519 + 15342. What is the ten thousands digit of u?
1
Let a = -4 + 10. Let m(r) = -r - 27 - 3*r - a - 4*r. What is the tens digit of m(-13)?
7
Let c(f) be the first derivative of 128*f**2 - 150*f - 79. What is the thousands digit of c(7)?
1
Let a(s) = -s + 1. Let o(d) = -12*d + 9. Let n(x) = -14*a(x) + 2*o(x). Let f(g) = -5*g**2 - 32*g - 14. Let l be f(-6). What is the tens digit of n(l)?
2
Let f(x) = x**3 + 6*x**2 + 4*x + 2. Let n be f(-5). Suppose 8 = -n*p - 6. What is the units digit of (0 + p - 1)*(-18 - 7)?
5
Suppose 0 = -g - 4*g - 4*f + 22, -3*f + 19 = 5*g. Suppose -4*r + r = -2*m, g = -2*r + 2*m. Suppose 2*w = 4, 2*y - 98 = r*w + 20. What is the units digit of y?
1
Let h = -28 + 28. Let v(x) = x**3 + x**2 + x + 828. Let o be v(h). What is the units digit of 2/3*o/6?
2
Suppose -3*y - 45 = -51, -3*v - 5*y + 484 = 0. Let m = 3 - 1. Suppose -119 + 11 = -2*l - 2*a, -3*l = m*a - v. What is the tens digit of l?
5
Suppose 3*b + 5*i = 122075, -72*i = -5*b - 76*i + 203467. What is the hundreds digit of b?
6
Suppose 40*z + 233 = 913. Suppose 11 = -2*k + z. What is the units digit of k?
3
Let m be (-4)/6 - (-100)/(-30). Let l be 2/m*8 - -1 - -6. Suppose 3*c = 4*a - 660, -l*a - 61 + 545 = -5*c. What is the units digit of a?
8
Suppose -3*w - 5 = -11. Suppose -7*a + 1380 = -w*a. Suppose -2*j = o + 80 - a, -4*o = j - 798. What is the tens digit of o?
0
Let t = 11631 - 8288. What is the tens digit of t?
4
Suppose -u - 1 = -4. Suppose 3*w - u = 3. What is the units digit of 20/(-70) - w*1726/(-28)?
3
Suppose 0 = 3*y - 38 + 5. Let n be 3/((y - 2)*(-4)/(-24)). Suppose 5*g - 1005 = -5*c, -n*g = c + 4*c - 411. What is the hundreds digit of g?
1
Let f = 33358 + -18111. What is the units digit of f?
7
Let z(y) = 960*y**3 - 16*y**2 + 20*y + 42. What is the thousands digit of z(3)?
5
Let v = 38 + -37. Suppose -v = -w + j, 0*w - 2*w = 4*j - 32. Suppose w*c - 10 = 5*c. What is the units digit of c?
0
Let h = 6 + -3. Let u(q) be the third derivative of q**4/6 + q**3/2 - 9*q**2 - 18*q. What is the units digit of u(h)?
5
Let v(j) = 345*j. Let f be v(1). What is the tens digit of f + 11 + -1 + -4?
5
Let l be 12/48 - 278/(-8). Let o = 39 - l. Suppose 0 = u - 1 + o, -5*x + 4*u + 332 = 0. What is the tens digit of x?
6
Let i be (8/12)/(-1 + 47/45). What is the units digit of (-134992)/(-390) - 2/i?
6
Suppose -5*a - 18607 = 3*v - 161279, 3*a + 142704 = 3*v. What is the ten thousands digit of v?
4
Let p = 13 - 17. What is the units digit of (p/(-20) + 1)/(2/260)?
6
Let b(n) = -n**3 - 6*n**2 - 8*n - 12. Let s be b(-6). Suppose -4*x + 10 = 3*g - 18, 4*g = -5*x + s. Suppose g*o - 12*o = -872. What is the tens digit of o?
0
Let n be 8/((-9 + 0)/(-18)). Suppose -n*c + 4505 = -13335. What is the units digit of c?
5
Let u(m) be the first derivative of -4*m**2 - 14*m - 16. Let p be u(8). Let o = -32 - p. What is the tens digit of o?
4
Let w(g) = -19*g + 65. Let o(t) = 3*t**2 + 30*t + 8. Let r be o(-9). What is the tens digit of w(r)?
2
Suppose 28*y + 45*y = 1452419 - 313984. What is the tens digit of y?
9
Suppose -3*g + 114*r = 111*r - 37407, -3*r = 5*g - 62401. What is the units digit of g?
6
Let x(w) = -w**3 - 5*w + 21. Let u be x(0). Let o be 2/(-7) + -2 + 153/u. Suppose -o*l = 2*h - l - 128, 3*l = -5*h + 341. What is the units digit of h?
0
Let z(a) = -a**2 + 18*a - 70. Let y be z(12). Suppose 0 = y*u + 2*l - 1322, 43*u - 47*u = 3*l - 2649. What is the hundreds digit of u?
6
Let d be (-5)/(-10)*-6 + -8. Let p(t) = t + 7. Let w be p(d). What is the units digit of 22/55*(-130)/w?
3
What is the hundreds digit of (-20831 + 18)/((-8)/16)?
6
Let n = 1 + 5. Suppose -29 - 37 = -n*j. Let p(m) = 11*m + 13. What is the units digit of p(j)?
4
Let s = 301 - 169. Let k be -1 + 2 + -2 + (12 - 4). Suppose -k*y = -y - s. What is the units digit of y?
2
Suppose 0*o = -5*q - 2*o + 9079, -5*o - 3620 = -2*q. Let k = q + -1092. What is the tens digit of k?
2
Let i be (7 + -4)*1*(-56)/(-6). Let k be 3 + (-42)/i + (-6)/(-4). Suppose -2*j + h = -55, k*h + h + 130 = 5*j. What is the units digit of j?
0
Let b = -4060 + 13584. What is the units digit of b?
4
Let m(v) = 683*v - 1. Let x be m(1). Suppose -w + 0*w = 2*l + 274, -5*l - 4*w - x = 0. What is the tens digit of 1 + (-1 - -3) - l?
4
Suppose -4*k + 2*k - 12 = 0. What is the tens digit of 569 + (-2 - k) + -5?
6
Let y(r) = 24*r**3 - 25*r**2 + 152*r + 31. What is the units digit of y(9)?
0
What is the hundreds digit of (-9)/(5340/(-1779) + (4 - 1))?
3
Let u = 1080 + -733. Suppose 0 = 5*w + l - 1735, -6*w + l = -5*w - u. What is the hundreds digit of w?
3
Suppose 0 = 3*u + 3, 2*u = -4*a - 3*u + 55. Suppose -a = -9*w + 6*w, 0 = -3*p - 3*w + 270. Let g = 129 - p. What is the tens digit of g?
4
Suppose j = 5, u + 2*j + 3055 = 12174. What is the units digit of u?
9
Let l(r) = 37 - 3517*r**3 + 3516*r**3 - 15*r**2 + 26 + 10*r. What is the tens digit of l(-17)?
7
Let v be ((-8)/((-8)/9))/((-6)/4). Let g = -30 - v. What is the tens digit of ((-114)/g)/((-1)/(-8))?
3
Let o = -158 - -158. Suppose -3*z + 2302 = 2*l + 621, o = -4*z + 5*l + 2203. What is the hundreds digit of z?
5
Let s(q) = 2*q - 33. Let y be s(22). Suppose -y + 43 = -4*o. Let p(b) = b**2 + b + 5. What is the tens digit of p(o)?
6
Let y(a) = 1 + 9*a - 1 + 17 - 31*a. Let w be y(4). Let g = -45 - w. What is the tens digit of g?
2
What is the thousands digit of (-1881)/6*(-1040)/39?
8
Suppose -3*w - 2*w + 51435 = 8*n, 3*n - 19288 = -2*w. What is the units digit of n?
0
Suppose 3717 = 7*g + 2*g. Suppose 826 = -p + 3*p + w, -2*w + g = p. Let v = p - 262. What is the hundreds digit of v?
1
Suppose -3*l = 4*c - 139276, -104468 = -3*c - 2*l - 3*l. What is the units digit of c?
6
Let h = 4382 - 3540. What is the hundreds digit of h?
8
What is the hundreds digit of 3089300/375 + (290/75 - 4)?
2
Suppose 0 = 3*t + 4*g - 7, -15*g + 17*g - 1 = -t. Suppose -r - t*k + 160 = 35, -425 = -3*r - 5*k. What is the units digit of r?
0
Suppose 5*f - 3*r - 15414 + 2725 = 0, 12697 = 5*f + r. What is the units digit of f?
9
Let n = 418 - 70. Suppose 2*b - 8 = 0, 3*b = d - 0*b - n. What is the hundreds digit of d?
3
Let h = 80466 - 33764. What is the hundreds digit of h?
7
Let m be (215/15)/((-11)/(-594)). Suppose -4*j - 2*z = -m, -12 = -0*z - 4*z. What is the units digit of j?
2
Let b(m) = -7*m - 65. Let y be b(-10). What is the thousands digit of (1380 - 8) + y/1?
1
Let m(k) = -648*k - 18. Let t be m(-1). Suppose -14*g = -19*g + t. What is the tens digit of g?
2
Let p(d) = 2*d**2 + 1. Let b be p(1). Let k be (-14)/4 - 180/(-24). Suppose -2*x + 144 = -0*x - k*w, 0 = x - b*w - 75. What is the tens digit of x?
6
Let r = 69 - 43. Let d = 19 - r. Let p(j) = -j**3 - 7*j**2 - j + 10. What is the units digit of p(d)?
7
Let r(d) = 2*d**3 + 29*d**2 - 6*d + 131. Let l be r(-15). Suppose 3*y = 4*y - 28. What is the units digit of (y - 16)/((-6)/l)?
8
Suppose -15*l + x = -14*l - 7246, 4*l + 3*x = 29026. What is the units digit of l?
2
Let o(r) = 2*r**3 + 10*r**2 + 10*r + 4. Let k be o(-5). Let q = k - -46. Suppose 11*a + 298 - 1354 = q. What is the tens digit of a?
9
Suppose -478*o + 17253 = -475*o. Suppose -2*n + 5715 = 3*n + 5*z, o = 5*n - 4*z. What is the tens digit of n?
4
Suppose -4*p - 5 = c, -3*c + c - 10 = -3*p. Suppose 4*z + 114 - 1130 = p. Suppose 2*a + 2*f - z = 0, 3*f = 6*a - a - 595. What is the hundreds digit of a?
1
Let c = 80769 + -38919. What is the thousands digit of c?
1
Suppose -5*y - 13609 = -a - 44951, -31354 = -5*y - 3*a. What is the tens digit of y?
6
Suppose 4192 = 4*r + 12*r. Let p be 60/90 + (-1)/(-3)*r. Suppose 4*o - 352 = -7*w + 3*w, w = 2*o + p. What is the units digit of w?
8
Let g = 1 + 3. Suppose -g*u = 15 - 23. What is the tens digit of (-14)/28*(-68)/u?
1
Suppose -20*a + 518 = -6*a. Suppose -a*f + 44*f - 1519 = 0. What is the hundreds digit of f?
2
Suppose -y - 4*a = -15770, 147*a = 2*y